visor of w and h.
5
Let u be 3 - (-8 - (-11 - -1) - 4). Calculate the greatest common factor of 1195 and u.
5
Let w = 74 - 47. Let k(p) = -86*p - 768. Let u be k(-9). Calculate the greatest common factor of w and u.
3
Let a = -192 - -506. Let x = 433 - a. Calculate the greatest common factor of 35 and x.
7
Let g be 8*(-4)/(-12)*18. Suppose 0 = -4*d + 2*d + 12. Calculate the greatest common divisor of g and d.
6
Suppose -926 = -5*n + 4*d, 0 = 38*d - 42*d + 4. Calculate the highest common divisor of 930 and n.
186
Let z be (-4)/(-5) - (-524)/20. Let a(y) = -2 + 1 - 1 + y - 26*y**3 + 4 + 2*y**2. Let i be a(-2). Calculate the highest common divisor of i and z.
27
Let t(r) = -3*r + 3. Let w be t(0). Suppose -w*l - 12*l + 75 = 0. Suppose 3*a + 4 = -l*g, g = -2*a + 3*g + 24. What is the greatest common divisor of 7 and a?
7
Let x be (12/8 - -3)/((-2)/4). Let n be (10/(-15))/((0 - -3)/x). What is the highest common factor of 22 and n?
2
Let j be 7/1 - 9/(-3). Let i be ((-513)/(-45))/((-18)/j + 2). Let k be (-2)/4*-78 + -1. Calculate the greatest common factor of k and i.
19
Let d be (114/(-2565) - 1991/(-45))*10. Calculate the highest common divisor of 806 and d.
26
Let w be (-2997)/(-21) + (-130)/(-210) + (-2)/6. Calculate the highest common divisor of w and 39.
13
Let c(z) = -z**3 - 2*z**2 + 17*z - 8. Let a be c(-6). Suppose -528 = 22*f - a*f. Calculate the highest common divisor of f and 4.
4
Suppose 5*d - 13 = 87. Let q(x) = 6*x**2 + 116*x + 50. Let b be q(-19). What is the greatest common divisor of d and b?
4
Let c be 8/(-5) + 144552/570. What is the greatest common factor of c and 20?
4
Suppose 23*f = 10*f + 294 + 96. What is the highest common divisor of 21 and f?
3
Let f be (-5 - (2 - 152)) + -3 + 1. Suppose 0 = 8*x + 31 + 9. Let z = 8 - x. What is the greatest common divisor of z and f?
13
Suppose 0 = b - 1 - 2. Suppose -h + 2*h = b*c - 232, -4*h - 389 = -5*c. Suppose -19*v + 0*v = 74*v - 1023. What is the highest common factor of c and v?
11
Let q(d) = 208*d**2 + 27*d + 128. Let g be q(-5). Calculate the highest common divisor of g and 9.
9
Let t(w) = 85*w - 415. Let k be t(7). Calculate the highest common divisor of k and 820.
20
Let n(k) = 2*k + 1. Let w be n(3). Let a be 2 - (-399)/(-6) - 2/(-4). Let c = -57 - a. Calculate the highest common divisor of c and w.
7
Suppose 2253 = c - 2*h, -1291 = 4*c + 3*h - 10281. What is the highest common divisor of 519 and c?
173
Let v(f) = -81*f - 1736. Let d be v(-22). What is the greatest common divisor of 1886 and d?
46
Let x be (-8)/(14/(-6) + (-125)/(-55)). What is the greatest common factor of x and 3146?
22
Let b = 3334 + -1559. Calculate the highest common divisor of 75 and b.
25
Let v(n) = 100*n**2 - 3*n + 3. Let g be v(1). Let w be 30/(-4)*(-11 - g/(-12)). Calculate the greatest common divisor of 75 and w.
5
Let s(j) = 3*j**2 - 121*j + 1110. Let d be s(30). Let z be (-408)/(-20) - (-4)/(-10). What is the greatest common factor of d and z?
20
Suppose 0 = -4*a + 37 - 21, 2*a = -4*d + 24. Suppose 6*b = d*f + 1470, 4*b = -0*b + 5*f + 987. What is the highest common factor of b and 405?
81
Let a(q) = q**2 + 7*q + 10. Let g be a(-5). Let w be -2 + g + 87 + (1 - -2). Calculate the greatest common divisor of w and 22.
22
Let d(v) = 12*v**2 + 4*v + 5. Let p be d(-1). Suppose -p*r + 200 = -34. What is the greatest common divisor of 99 and r?
9
Let c = 1 - -23. Let h = -29 + 34. Suppose -h*w + 1060 = -5*q, -2*q + 4*q - 440 = -2*w. Calculate the greatest common factor of w and c.
24
Suppose 0 = -4*q, -3*q - 4 = -b - 2*q. Let f be (-22933)/(-6035) + 122/10. Calculate the greatest common factor of b and f.
4
Let h(d) = -25*d**2 + 7*d + 20*d**2 - d**3 + 3*d - 4 - 2*d. Let o be h(-10). Calculate the highest common divisor of 26 and o.
26
Suppose 3*u = -2*r + 318, -117*u - 330 = -120*u + 2*r. Suppose 0 = 5*o - 1561 - 779. What is the greatest common factor of u and o?
36
Let l be ((-108)/(-48))/((-6)/(-16)). Calculate the greatest common factor of l and 678.
6
Let f(k) = k + 27. Suppose 5*r + 5*i + 15 = 0, 0 = -2*r - 4*i + 1 + 1. Let q = r + 25. Let t be f(q). Calculate the greatest common divisor of t and 45.
45
Let n = -326 + 538. Let c = n + -201. What is the greatest common divisor of c and 143?
11
Suppose -75 - 1070 = -3*h - 5*k, -2*h - 2*k + 766 = 0. Suppose -3*r - 4*o - 33 + 122 = 0, -r = -5*o - 55. What is the greatest common factor of r and h?
35
Suppose 0 = -2*c + 412*u - 409*u + 824, -2*u = 5*c - 2098. What is the greatest common divisor of c and 88?
22
Let a be -1 + (155 - (-4 - -4)). Let l(v) = -3*v + 42. Let b be l(22). Let x be 0 + (249/18 - 4/b). Calculate the highest common divisor of a and x.
14
Let l be (-10 - (-301)/14)/((-1)/(-24)). What is the greatest common divisor of l and 24?
12
Suppose -4*d + 2510 = 5*k, 9*k - 2044 = 5*k + 4*d. What is the highest common divisor of 550 and k?
22
Suppose 450*h = -1003*h + 78462. Let v(s) = s**3 + 7*s**2 + 3*s + 1. Let l be v(-5). Calculate the highest common factor of l and h.
18
Let h(f) = 157*f - 250. Let s be h(3). Calculate the greatest common factor of 34 and s.
17
Suppose 7 = -6*p - 71. Let h = -66 + 75. Let i = h - p. Calculate the highest common divisor of i and 110.
22
Let l = 185 + -17. Let p(t) be the first derivative of 5*t**2/2 - 6*t + 8. Let b be p(6). What is the greatest common divisor of b and l?
24
Suppose -5*r = 10, 5*d = d + 5*r + 382. Suppose 0*w + 5*w - d = 3*q, q + 17 = w. What is the highest common factor of w and 14?
7
Let v = 2070 - 1645. Calculate the greatest common factor of 1075 and v.
25
Let k = 5 - 16. Let v = -3 - k. Let x(q) = q**2 + 68*q - 141. Let c be x(-71). Calculate the highest common divisor of v and c.
8
Let j(m) = -1 - 6*m**2 - 7*m - 2 + m**3 + 3*m. Let x be j(8). Suppose -3*u + 187 = p, -p = -3*u - x - 88. What is the greatest common divisor of 23 and p?
23
Let o be (-6682 + 7)*(16/(-20))/2. Calculate the highest common divisor of 60 and o.
30
Let x(p) = -p**3 + 11*p**2 - 2*p + 3. Let y be x(9). Let w = -137 + y. What is the highest common factor of w and 110?
10
Let c be -10*((-327)/(-15) - 22). Let b(n) = 2*n**2 - 3*n - 3. Let i be b(3). What is the highest common divisor of i and c?
2
Suppose -6*b = -13*b + 21. Suppose 9 = 3*i - g + 4*g, 0 = -2*i - 5*g - b. What is the greatest common factor of 78 and i?
6
Let u = 126 - 121. Suppose 8*v = 13*v + u*j - 45, -32 = -2*v + 5*j. What is the highest common divisor of v and 11?
11
Let w = 2112 - 2079. What is the greatest common factor of w and 11?
11
Let r = 8745 + -3974. What is the highest common factor of r and 26?
13
Let b = -37627 - -37629. Calculate the greatest common factor of 1058 and b.
2
Suppose 60*b + 1522 - 1638 = 36184. What is the greatest common factor of b and 363?
121
Suppose 1177 = 176*a - 1185 - 278. Suppose c + 24 = 2*c - 4*s, -c = -5*s - 29. Let n be 782/4 + c/(-8). Calculate the greatest common factor of a and n.
15
Let x be (1/(-1))/((-4)/144). Suppose -31*d + 3639 = -897 - 1788. What is the greatest common divisor of d and x?
12
Suppose o - a - 7875 = 0, -5*a - 7891 = 4*o - 5*o. What is the highest common divisor of o and 17?
17
Let p = 4072 - 4049. What is the greatest common factor of p and 575?
23
Suppose 0 = -11*x + 259 - 127. Suppose 2*r = x*r - 120. Suppose 4*b + 20 - 68 = 0. Calculate the highest common divisor of r and b.
12
Suppose 4*q - 3360 = -4*w, 2*q - 18*w = -16*w + 1652. Calculate the greatest common factor of 238 and q.
119
Let t(f) = -10*f**3 + 19*f**2 + f + 48 + f + 9*f**3 + 13*f**2. Let z be t(32). What is the highest common factor of 42 and z?
14
Let s = 320 - 300. Let o = 29 + -41. Let g = s + o. Calculate the greatest common factor of 120 and g.
8
Suppose -3*k + 4*k = 63. Let b be ((200 - 187) + 46/(-4))*18. What is the highest common divisor of k and b?
9
Suppose 2*a + 38*b - 792 = 39*b, -3*a - b = -1203. Calculate the greatest common factor of 42 and a.
21
Let l be (-1)/(-8) + (-1241740)/(-160) + -30. Calculate the highest common divisor of 45 and l.
9
Suppose 0 = -4*a - 39 + 23. Let l be (-3)/a*(-24)/(-9). What is the highest common divisor of l and 6?
2
Suppose -3*r - 4*k + 3686 = 0, 5*r - 6*k = 6*r - 1224. What is the greatest common factor of r and 30?
30
Let c be 6 + 3/((-15)/20). Suppose -106 = -c*y -